ppose 6*i - 2*i - 2*v - 12 = 0, -5*i + 5*v = -25. Let x(a) = a + 1. Let o(c) = i*d(c) - 3*x(c). What is o(0)?
-1
Suppose 0 = 2*g - 1 + 5. Let p(o) = -4*o - 3. Calculate p(g).
5
Let j(v) = -v**3 - 3*v**2 + 4*v. Let b be j(-4). Let u(k) = -1 - k - k**2 + 4*k - 4*k. Give u(b).
-1
Let i(h) = 4*h**2 + 20*h + 5. Let b(q) = -3*q**2 - 13*q - 3. Let j(z) = -7*b(z) - 5*i(z). Determine j(8).
-12
Let q(x) = 2*x**2 + 5*x - 4. Let t(d) = -d**3 - 3*d**2 + 4*d + 1. Let h be t(-4). Let z be -1 + 4 - h/1. Suppose s = -z*s - 12. Calculate q(s).
8
Suppose 2*s - 10 = 0, -a + 2*s = -4*a + 19. Let c(n) = n**3 - 3*n**2 - 1. Calculate c(a).
-1
Let r(z) = z**2 + 6*z - 5. Let c(p) = 2*p + 24. Let y be c(-15). Calculate r(y).
-5
Let p(y) = 5*y**3 - 10*y**2 + y - 5. Let k(r) = -9*r**3 + 19*r**2 - 3*r + 9. Let m(d) = -4*k(d) - 7*p(d). Suppose 2*t = -0*t + 10. What is m(t)?
-1
Let j = -47 - -47. Let q(z) be the second derivative of 0*z**2 + z + j + 2/3*z**3. What is q(-1)?
-4
Let t = -6 - -10. Suppose -23 = t*o - 3. Let u(n) = -n**3 - 6*n**2 - 8*n - 7. Give u(o).
8
Let m = -5 - 1. Let l(u) = u**3 + 5*u**2 - 5*u - 1. Determine l(m).
-7
Let k(w) = 8*w**2 - 2*w + 2. Let y(q) = 4*q**2 - q + 1. Let a(f) = -2*k(f) + 5*y(f). Let s(t) = t. Let p(o) = -a(o) - s(o). Determine p(-1).
-5
Suppose 34 + 11 = 5*q + 4*j, -3*j = -5*q + 10. Let y(a) = -7 - 2 - 2*a + q. What is y(-5)?
6
Let s(g) be the second derivative of g**2 + 3*g + 7/6*g**3 + 0. Determine s(-2).
-12
Let c(p) = -5*p - 17. Let r be c(-8). Suppose j + f = 3*f - 10, 2*j = 5*f - r. Let h(m) = -m - 5. Calculate h(j).
-1
Let x = -20 + 17. Let d(j) = j**2 + 3*j - 1. Determine d(x).
-1
Suppose -4*c - 27 = -11. Let u(d) = d**3 + 4*d**2 + d + 1. Give u(c).
-3
Let b be 14/4 + 2/(-4). Let w(f) = 2*f**3 - 2*f - 4*f + 5 - 4*f**2 - f**b. Suppose 3*m - 3*n = -2*n + 14, -5*m - 4*n = -29. What is w(m)?
0
Let x(c) = c**2 + 1. Suppose 2*n + 4 = 3*s, 4*s + 4 = -2*n + s. What is x(n)?
5
Let x(d) = 3*d**3 - 4*d**2 + 5*d - 5. Let y(l) = 4*l**3 - 6*l**2 + 7*l - 7. Let c(m) = 7*x(m) - 5*y(m). Give c(-3).
-9
Let d(m) = 14*m**2 + 15*m - 7. Let l(j) = -5*j**2 - 5*j + 2. Let c(p) = -p**3 - 5*p**2 - p + 6. Let z be c(-5). Let u(b) = z*l(b) + 4*d(b). What is u(-5)?
-6
Let b(v) be the first derivative of v**4/2 + 2*v**3/3 - v**2 - v + 13. Determine b(-2).
-5
Let q be (-2)/10 + 28/(-10). Let d be 2/(-3) + 4/q. Let l be d/(-8) + (-9)/36. Let c(f) = -f**2 + 4. Determine c(l).
4
Let n(i) = 2*i + 7. Let p = -84 - -30. Let q be (-12)/p + 32/18. Suppose 3 = -o - q. Calculate n(o).
-3
Let x(g) = -g**3 - 6*g**2 - 5*g + 4. Let s be 12/28 - (-369)/21. Suppose r = -4*h - s, 5*r - 25 = -2*h + 5*h. What is x(h)?
4
Let l(q) be the second derivative of q**5/20 - q**4/4 - 7*q**3/6 + 3*q**2 - 4*q. Suppose 2*a = 2 + 6. Give l(a).
-6
Let s be (9 - 8)*(3 - 1 - -1). Let u(i) = -1. Let a(y) = 2*y + 7. Let o(d) = -a(d) - 6*u(d). Determine o(s).
-7
Let g(d) = -d**2 - 8*d - 14. Let t be g(-6). Let w(x) = x**2 - 2*x + 2*x + 1. Let r be w(t). Let p(y) = -y**2 + 5*y - 6. Calculate p(r).
-6
Let r = 0 + 2. Suppose 5*l + g + 3 = -8, -2 = -r*l - 2*g. Let y(d) be the first derivative of d**4/4 + 4*d**3/3 + 3*d**2/2 + d - 1. What is y(l)?
1
Let l = 41 + -38. Let x(s) = s**3 - 2*s**2 + 3*s - 2. Give x(l).
16
Let l(t) = t + 2 - t**3 + 0*t**3 - 2*t - 3. Let s be l(0). Let y(o) = -o**2. Let i(b) = 7*b**3 + 2*b**2 - 2*b - 1. Let h(f) = i(f) + 3*y(f). Give h(s).
-7
Let m(n) = 3*n**3 + 8*n**2 - 2*n - 5. Let f(p) = 4*p**3 + 9*p**2 - 2*p - 6. Let j(z) = -4*f(z) + 5*m(z). Give j(3).
2
Suppose -3*r + 0*r = -2*b - 5, 0 = -r + b + 1. Let m(z) = -z**2 + 4. What is m(r)?
-5
Let l = -12 - -17. Let g(f) = -4*f - l*f + 4*f. Give g(-1).
5
Let f(z) = z**2 - 6*z - 9. Let t be f(7). Let c(i) = 54*i**3 + 3*i**2 - 1 + i + 54*i**3 - 106*i**3. Calculate c(t).
-7
Let u be ((-55)/10 - -6) + 3/2. Let d(o) = o**3 + o**2 - 2*o + 2. Calculate d(u).
10
Let a(q) = -2*q**2 + 2*q - 3. Suppose -2*s - s = 4*u + 8, 5*u + 9 = -4*s. Suppose 0 = 4*c + 2 + 6. Let w = c + s. Determine a(w).
-7
Let d(h) = -h**2 - h + 1. Let m be 1/(-4) - 228/(-16). Let n = m + -8. Let c = n + -4. Calculate d(c).
-5
Let y = -13 - -18. Suppose 0 = -4*j + 4*f, -5*f + 6 - 2 = -j. Let x(q) = q**2 + 5*q - j - 2*q**2 + 2. What is x(y)?
1
Let y(l) = -2*l + 6. Let w = 17 + -15. Let a be (-65)/(-10) + w/(-4). Determine y(a).
-6
Let r be (-56)/21*(-3)/4. Let m(k) = k - 1. Calculate m(r).
1
Let n(x) = -x**2 + 13*x + 11. Let s be n(14). Let t(p) = 2*p**2 - p**2 - 3 - p + p**3 + 0*p - 2*p. Calculate t(s).
-12
Let s be 2/(-1)*9/(-6). Let f(q) = q + 4 - 10 + s. Calculate f(4).
1
Suppose -5*k + 0 = -20. Let j be (1/2)/(k/(-40)). Let d = j - -7. Let v(l) = -2*l**2 + l - 1. Calculate v(d).
-7
Let y(s) be the first derivative of s**2/2 - 3*s - 2. Give y(-6).
-9
Let n(c) be the first derivative of 1/3*c**3 + 1/2*c**2 + 3 - 2*c. What is n(2)?
4
Let k(c) = -c**3 + 6*c**2 + 7*c - 2. Let x be k(7). Let o be (x*1)/(-2 - -4). Let r = 5 - o. Let l(j) = -j + 1. Calculate l(r).
-5
Let a(d) = d**2 + 2. Suppose 3*z + 3*m = 9, m + 0*m - 15 = 5*z. Let p(w) = w**3 + 3*w**2 + 2*w + 2. Let q be p(z). Calculate a(q).
6
Let j(o) = -o**3 - o**2 + o + 1. Let v(z) = -9*z**3 - 2*z**2 + 4*z + 3. Let t(a) = -2*j(a) + v(a). Suppose 5*w - 4 = 4*f - 7*f, -4*w = -4*f + 16. What is t(w)?
6
Let b(k) = k**3 + 15*k**2 + 25*k - 17. Let c be b(-13). Suppose 0*o = -4*o + 8. Let h(v) = v + o - 2. What is h(c)?
-4
Let r = -56 + 52. Let c(t) = -t**2 - 3*t + 5. Calculate c(r).
1
Let s(i) = -5*i + i**3 - 2*i - 3*i**2 + 4*i. Determine s(4).
4
Let z(i) = -4*i**2 + 7*i. Let n(s) = -15*s - 2 + 2 + 9*s**2. Let y(w) = -4*w**3 - 2*w**2 + 1. Let o be y(-1). Let d(g) = o*n(g) + 7*z(g). Calculate d(5).
-5
Let d(w) = -7*w - 4*w**2 + 3 + 0*w + 0 + w. Let c(o) = o**2 + 1. Let n(v) = 3*c(v) + d(v). Determine n(-7).
-1
Let g(o) = -12 - 12 + 29 - o**2 + o. Let l(u) = -u**3 + 2*u**2 + 3*u. Let p be l(3). Determine g(p).
5
Let m(y) = 2*y + 1. Suppose -9 = 5*t - 2*t. Determine m(t).
-5
Let t(g) = 7 + 35*g**2 + g**3 - 15*g**2 - 6*g - 24*g**2. Suppose 0*v + 15 = 3*v. Determine t(v).
2
Suppose -6*u = -u - 10. Let a = 7 + -5. Let g(d) = -d + 0 + 2*d - a. What is g(u)?
0
Suppose -20 = 5*x - 9*x. Let f(n) = n**2 - 4*n - 1. Determine f(x).
4
Let v(u) be the third derivative of 0*u + 1/60*u**6 + 0 - 1/6*u**3 + u**2 - 1/24*u**4 - 1/60*u**5. What is v(-1)?
-3
Let g be 8/((-3)/((-3)/2)). Let z be (g/8)/(1/8). Suppose 7 = 3*l + z*b + 42, 5*b + 15 = 2*l. Let i(a) = -a**3 - 6*a**2 - 3*a + 5. Give i(l).
-5
Let w(d) = d**2 - 2*d + 0*d**2 - 4 + 0*d**2. Calculate w(4).
4
Let f be (0 - 2)*(-2)/4. Let c(h) = h - f + 1 - 2. Calculate c(-2).
-4
Let c(w) = w**2 - 3*w + 2. Let h(u) = 5*u - 5*u**2 - 3*u**2 + 3*u - u**3 - 5. Let t be h(-9). Suppose t*f - 8 = -0*f. What is c(f)?
0
Let i(s) = s**3 + s**2 + s + 1. Let l(n) = -2*n**3 + 3*n**2 + n + 3. Let z(k) = 3*i(k) + l(k). Determine z(-5).
11
Let i = 27 - 15. Suppose s = -2*s + i. Let g(y) = -y**3 + 5*y**2 - 6*y + 6. Calculate g(s).
-2
Let d(o) be the third derivative of o**8/6720 + o**7/504 - o**6/90 - o**5/15 - 5*o**4/24 + 2*o**2. Let f(g) be the second derivative of d(g). Calculate f(-6).
4
Let b(q) = q**3 + 3*q**2 - q. Let k be -5 + -1 - (-2 - 1). Calculate b(k).
3
Let m(z) = z**2 + 2. Let i(r) = r**2 - 1. Let k be i(2). Determine m(k).
11
Let t be ((-297)/(-12))/11 + (-1)/4. Let m(v) = -13*v + 3. Determine m(t).
-23
Let i(h) = -h**2 - 7 - 6*h + 3*h + 4*h. Let j = 9 + -9. Give i(j).
-7
Let r(w) = 595 - 594 - w + 0*w. Determine r(5).
-4
Let n(f) = 3*f**2 - 1. Let a(r) = -r**2 + r - 1. Let m(g) = 4*a(g) + n(g). Suppose -c + 4 + 0 = 0. Let t be m(c). Let p(h) = -h - 6. Give p(t).
-1
Let w = 5 + -9. Let y(p) = -7*p - 5. Let u be y(w). Suppose 0 = 5*v + 3 - u. Let s(k) = k**3 - 3*k**2 - 3*k - 5. Determine s(v).
-1
Let l(o) = o**3 + 6*o**2 + 5*o. Let i be 3/1*(-15)/(-9). Let f(a) = -a**3 + 6*a**2 - 7*a + 5. Let w be f(i). Give l(w).
0
Let f be 5/(5/(-6)) + 0. Let o(u) = 3*u - 9. Let z(c) = 4*c - 10. Let j(k) = 5*o(k) - 4*z(k). What is j(f)?
1
Let k(l) = 3*l**2 + l + 1. Let t be k(-1). Let d(j) = 3*j + j + 2*j**2 - j + 1 + 2*j**2 - j**t. Give d(5).
-9
Let a(s) be the first derivative of -s**3/3 - s**2/2 + 3*s + 26. Determine a(0).
3
Let t(v) = -4*v - 1 + 0 + 5*v + v**2. Let i(b) = 3*b**2 + 6*b + 1. Let 